36 - 32))).
29
What is 2 - (80 + (-187 - -45))?
64
What is (-9 - -27) + -47 + -10 - -11?
-28
Evaluate 25 + (-1 - 17) + -11 + 0 + (-3 - 24).
-31
Calculate -91 + (-34 - (-34 - 55)).
-36
-36 + -9 + (153 + -151 - (2 + -2 + -6))
-37
Calculate (9 - ((0 - -2 - (10 + -5)) + 35)) + -1.
-24
What is the value of -36 + (-13 - (-12 - 7)) + -1?
-31
What is the value of (-2976 - -2853) + (2 - -106)?
-15
What is (336 - 265) + (5 - 26) - 13?
37
What is -72 + 51 + -1 + 18 + -2 + -83?
-89
Evaluate -59 - (-6 + 11 - (-272 + 274 - (-1 + -12))).
-49
What is -13 + (13 - (7 - -7)) + (-20 - -35)?
1
What is -49 + -37 + (-5 - -38)?
-53
-10 - (113 - 36 - 45)
-42
Calculate 0 - 33 - (51 - 125 - -85).
-44
Evaluate (17 - 11) + (3 - 42).
-33
What is -4 - 76 - (3 - ((-9 - -18) + -5)) - -5?
-74
0 + 92 - ((-64 - -40) + 18 - -6)
92
What is 41 + 12 - (-242 + 300)?
-5
What is the value of 28 - (10 + (-47 - -109))?
-44
What is the value of 50 + -40 + -38 - -21?
-7
-32 + -5 - (-77 + 108 - 70)
2
Evaluate -76 - (-8 - (82 + 20)).
34
What is 11 + (13 - 17 - 7 - 4) + -13?
-17
Calculate 4 + (-10 - (-10 - (5 - 6 - 4))) + 34.
33
Calculate (12 + (-1 - -8) - 10) + (2 - 17).
-6
What is the value of -12 - ((2 - 1) + -5) - 3 - (409 + -355)?
-65
What is the value of -5 + -78 + 50 + 2 + (2 - 1)?
-30
What is the value of -57 + 1 - (13 - (14 - (1 - -15 - 26)))?
-45
What is 18 - (4 - 3 - (55 + -117))?
-45
What is the value of 12 + 6 + (-877 - -988)?
129
Calculate -5 - -1 - (133 - 56 - 82).
1
Calculate 28 + (-39 + 13 + -113 - -37).
-74
Calculate (-1 - -34) + -7359 + 7341.
15
What is the value of (-149 + 54 - 34) + 149?
20
(-22 - -5 - (1 - 11)) + 50
43
Evaluate 5 + 46 - -74 - (-3 - -32).
96
Calculate -6 - -41 - 73 - -36.
-2
-30 - ((-11 - -5 - -18) + -5 + (0 - -2))
-39
Calculate 23 + 11 - (-104 + 68).
70
6 + 32 + 5 + (-7 - 4) + 19
51
Calculate (-18 - (54 + 2)) + 38.
-36
What is (45 + -23 - -4) + -21?
5
What is -31 + 12 + -4 + -28?
-51
What is the value of (-7 - -10) + 4 - (-12 - -14)?
5
What is (15 - ((15 - (30 - 14)) + -11 - 27)) + 7?
61
Calculate 18 - (59 - -90 - 186).
55
What is the value of (1 + -6 - (-6 + (-5 - -12))) + 11 + -59?
-54
Evaluate -4 + (-2 - (-4 - 5)) + (-30 - (-39 + -1)).
13
Calculate 18 - (17 - 19 - 0 - ((-12 - -6) + -5)).
9
What is -27 + 39 - 16 - (-12 - 0)?
8
Calculate (2 - 9) + 67 + 37 + 3 + -36.
64
What is the value of 79 - (42 - 40 - -46)?
31
What is the value of 8 + -11 - (10 + (10 - 23)) - -40?
40
Calculate -9 + (17 - (18 - 121)) - (-10 + 19).
102
Evaluate -41 + (-15 + -9 - -94).
29
0 + -8 + (-12 - -2 - (32 - 11 - 23))
-16
What is the value of -13 - (8 + (-29 - -4 - -8) + 25)?
-29
-17 - (12 - 36) - 5
2
What is (27 - 3) + -11 + -5?
8
What is the value of (-82 + 29 - 15) + 25 - (1 - -14)?
-58
What is 0 + -24 + 1 - (80 - 170)?
67
What is 221 + -68 + -200 + 134?
87
Evaluate -111 + (95 - 100) - -55.
-61
Calculate -61 - (8 + -6 + 23 + -21 + -1 + -8).
-56
What is (17 + 4 - 18) + (-4 - 31)?
-32
What is the value of 105 + (28 - 53) - 13?
67
What is (4 - -11 - 1) + (-22 - -45)?
37
Evaluate -73 + (52 - 37) + 22.
-36
14 - (-33 - (25 - 54))
18
Evaluate 2 - -14 - (-26 - (20 + (20 - 52))).
30
What is the value of (-50 - -82) + -45 + (-3 - -4) + 59?
47
(-25 - (-18 + -41)) + -35 + 9
8
18 - 0 - (57 - (165 + -99))
27
Evaluate -37 + -4 + (28 - 4 - (-168 + 174)).
-23
Calculate 5 - 9 - 11 - (28 + -76).
33
Evaluate 83 + ((-32 - 14) + 14 - 1).
50
What is 33 + -18 + 6 + 1 + 12?
34
What is the value of -3 + (-28 - (23 + -28)) - 23?
-49
Evaluate -31 + -32 + (9 - 8) + 20.
-42
Calculate 12 + 0 + (13 - (14 + -11 - 1)).
23
(-4 - 37) + 43 - (-2 + -13)
17
Calculate (-95 - -188) + (-2 - 0 - -7) + 6 - 13.
91
What is the value of 10 - (-19 + 46) - 18 - 4?
-39
80 + (-17 - 8) + -12 + (9 - 7)
45
Calculate 1 + 4 + (5 - 17 - 12 - -10 - -105).
96
2 + -46 - (7 - (-13 + (-1 - 0 - -33)))
-32
What is 23 + -10 + -12 - (4 + (-31 - 5 - 2))?
35
Calculate -192 + 268 + -69 + 2 + -4 + -14.
-9
What is -3 - -5 - (45 - (-125 - (-3 + -23)))?
-142
Calculate (2 + 4 - ((59 - 54) + (-8 - -7))) + -78.
-76
What is the value of -12 + 4 + 49 + 13 + -146?
-92
Evaluate 14 + (2 - (-38 + 38) - (-2 + 2)).
16
-171 - (4 + -70) - -29
-76
Evaluate -10 - -4 - 2 - (18 - ((86 - 12) + -16)).
32
Evaluate 7 + (-16 - 13) - (1 + -2) - -120.
99
9012 + -8878 + -132 + 1
3
What is the value of (-3 - (7 - 67)) + (86 - 78) - (2 - 7)?
70
What is 1 - ((25 - 30) + 5) - 40?
-39
Evaluate -4 - (6 - 0 - 4) - (-635 - -604).
25
(42 - (0 + 22) - 21) + (-47 + 2 - 2)
-48
525 + -502 - (49 + 1)
-27
-41 + 96 + 37 - 56
36
What is (-73 + 31 - 19) + 2 + -1?
-60
What is (6 - -2) + -2 + -5 + -1 + 434 + -435?
-1
Evaluate -109 - (26 - 111 - -1).
-25
What is (10 - (-8 - 0)) + -33 + 21?
6
What is the value of -40 + ((2 - 0) + -3 - (495 - 496))?
-40
Evaluate -2 + -1 + 55 + -105 + 38.
-15
What is -56 - (-22 + -23 + 63 + (4 + -1 - 9))?
-68
Evaluate (-60 - -138) + 1 + -11.
68
What is the value of -8 + ((-34 - -2) + (71 - 32) - (-87 + 0))?
86
1198 - 1305 - (-49 - 4)
-54
What is the value of -29 + (213 + -133 - -75)?
126
-1 + -5 - (4 - 19) - 18
-9
What is the value of (-1 - -45) + (1 - (18 + (-43 - -31)))?
39
-12 - (12 - 6) - ((-80 - -3) + 21)
38
What is the value of -9 + 16 + 10 + 10 + 21?
48
Calculate 1 + -73 + 16 + -26 - -3.
-79
Calculate 3 - -10 - (-5 - (-2 + -5)) - (106 + -113).
18
-1 + (24 - (-20 + 29 - -12))
2
Evaluate (142 - 29) + (6 - (-32 - -36)).
115
(-72 + 11 - -1) + (6 + -2 - -5) + -2
-53
Calculate -17 + (133 - 46) + (-8 - -1).
63
91 + -81 + -109 - -30
-69
What is 62 + (-9 - 2) + (6 + 7 - (-10 + 13))?
61
-12 + 6 + 3 + (-105 - -88)
-20
Calculate (3 - (-2 - -5) - (26 + (20 - 38))) + -8.
-16
-44 + 15 + -1 - (-8 + -10)
-12
What is the value of -5 + (-9 - -1) + (15 + -7 - 1) + -11?
-17
Calculate 14 - (5 + 5 + -5) - -8.
17
What is the value of -6 - (0 + -3 - (39 - (1 - (-48 - 1))))?
-14
What is the value of (-12 + 11 - -14) + -17 + 49 - 7?
38
Calculate -3 + (13 - (19 + -1) - -16).
8
(17 - -17) + (-104 - -100) + -38
-8
What is 227 + (199 - 377) - (11 + (0 - 1))?
39
What is the value of (-153 - -132) + -19 + (3 - -2)?
-35
Calculate -12 + -8 + (-14 - -3 - -40).
9
Evaluate 1 - -2 - (-48 + 38) - (-72 - -13).
72
What is the value of (-55 - -14) + -384 + 388 + 3 + -1?
-35
What is the value of -220 + 53 + (16 - -21)?
-130
Calculate -20 - ((-39 - 0 - (33 - 54)) + 125).
-127
What is the value of -10 - (-8 - (-21 + (8 - 1) + 7))?
-9
Evaluate 5 + -32 + -297 + 291.
-33
-45 - -22 - (-47 - 3) - -38
65
What is (5 + 1 + (-1972 - -1966) - (-10 - -1)) + 59?
68
Calculate (4 - 3) + (-129 - -92).
-36
What is the value of (20 - -1) + (479 - 488)?
12
What is 24 - ((-9 - -62 - 29) + 0)?
0
Evaluate (6 - 13) + (-9 - -37 - 13) + -22.
-14
What is (18 - 41) + 26 + (3 - 34) - (0 - -3)?
-31
Calculate -113 - (-14 + -64 - 22).
-13
Evaluate (-4 + -1 - -12) + (-32 - (17 - 51)).
9
What is -6 + (3 - -14) + (7 + 10 - 9)?
19
What is the value of 0 - 4 - (6 + 90 + -42)?
-58
What is the value of -74 - 75 - -106 - -31?
-12
What is -182 + (55 - -118) + (2 - -34)?
27
Calculate -14 - (1 + -2 + -15 + 11 + -69).
60
What is 12 - (-29 + (-6 - -6) + 4)?
37
36 + -5 - (10 - (-2 + 10)) - -10
39
3 + -3 - (15 - ((14 - 7) + 17) - -7)
2
Evaluate 34 + (40 - (88 + -18)) - -94.
98
Calculate 41 + -86 + (11 - -9) + -1.
-26
Calculate (-2 - (62 + -17)) + 33.
-14
What is the value of -106 + 117 + (2 - 1) + (0 - 24)?
-12
Calculate 2 - (-38 - (-10 - -16 - (5 + -6)) - 5).
52
What is (-21 - (-263 + 102)) + -36 + 0?
104
Calculate 1 + -35 - (22 + 124 + -107).
-73
Evaluate -15 + -8 + (-26 - -58).
9
-16 + 17 + -12 + (0 - (13 + 4 + -12))
-16
What is the value of 5 + -10 - ((763 - 870) + 24 + 1)?
77
67 + -80 + (111 - (-1 + -2 + -2) - 4)
99
-3 - 3 - (1 - (17 - -15)) - (52 + -47)
20
What is the value of 178 + -268 - (-81 - 42)?
33
Evaluate (-9 - 13 - -18) + (-82 + -12 - -5).
-93
What is -31 - -8 - (-5 + 4) - -28 - -122?
128
Evaluate (-102 - -45) + 40 + 0 + 46.
29
21 - (-7 - (-1 - -14 - 50))
-9
Calculate 34 + -25 + -44 + 28 + 15.
8
What is the value of 0 + 30 + -4 + (-2 - 3 - -3) - -8?
32
43 + (27 - 90 - -69)
49
Evaluate -14 + (322 - 344) + (90 - 2).
52
Calculate -3 + 3 - (574 - 565).
-9
-2778 - -2731 - (-3 + -20)
-24
Evaluate (-16 - 1) + 4 + (-367 - -357).
-23
What is (-88 - (-113 + -14)) + -64?
-25
What is (-85 - 16) + (-19 - 24) + 8?
-136
Calculate -9 - (-13